{"version":"1.0","provider_name":"Dott. Romano","provider_url":"https:\/\/drromanovaleria.ch\/it","author_name":"Valeria","author_url":"https:\/\/drromanovaleria.ch\/it\/blog\/author\/valeria\/","title":"Traitement des taches pigmentaires par IPL \u00e0 Gen\u00e8ve - Dr Romano","type":"rich","width":600,"height":338,"html":"<blockquote class=\"wp-embedded-content\" data-secret=\"xhyWlDjtv4\"><a href=\"https:\/\/drromanovaleria.ch\/it\/besoins\/peau-et-cheveux\/taches\/\">Macchie<\/a><\/blockquote><iframe sandbox=\"allow-scripts\" security=\"restricted\" src=\"https:\/\/drromanovaleria.ch\/it\/besoins\/peau-et-cheveux\/taches\/embed\/#?secret=xhyWlDjtv4\" width=\"600\" height=\"338\" title=\"&#8220;Taches&#8221; &#8212; Dr Romano\" data-secret=\"xhyWlDjtv4\" frameborder=\"0\" marginwidth=\"0\" marginheight=\"0\" scrolling=\"no\" class=\"wp-embedded-content\"><\/iframe><script>\n\/*! This file is auto-generated *\/\n!function(d,l){\"use strict\";l.querySelector&&d.addEventListener&&\"undefined\"!=typeof URL&&(d.wp=d.wp||{},d.wp.receiveEmbedMessage||(d.wp.receiveEmbedMessage=function(e){var t=e.data;if((t||t.secret||t.message||t.value)&&!\/[^a-zA-Z0-9]\/.test(t.secret)){for(var s,r,n,a=l.querySelectorAll('iframe[data-secret=\"'+t.secret+'\"]'),o=l.querySelectorAll('blockquote[data-secret=\"'+t.secret+'\"]'),c=new RegExp(\"^https?:$\",\"i\"),i=0;i<o.length;i++)o[i].style.display=\"none\";for(i=0;i<a.length;i++)s=a[i],e.source===s.contentWindow&&(s.removeAttribute(\"style\"),\"height\"===t.message?(1e3<(r=parseInt(t.value,10))?r=1e3:~~r<200&&(r=200),s.height=r):\"link\"===t.message&&(r=new URL(s.getAttribute(\"src\")),n=new URL(t.value),c.test(n.protocol))&&n.host===r.host&&l.activeElement===s&&(d.top.location.href=t.value))}},d.addEventListener(\"message\",d.wp.receiveEmbedMessage,!1),l.addEventListener(\"DOMContentLoaded\",function(){for(var e,t,s=l.querySelectorAll(\"iframe.wp-embedded-content\"),r=0;r<s.length;r++)(t=(e=s[r]).getAttribute(\"data-secret\"))||(t=Math.random().toString(36).substring(2,12),e.src+=\"#?secret=\"+t,e.setAttribute(\"data-secret\",t)),e.contentWindow.postMessage({message:\"ready\",secret:t},\"*\")},!1)))}(window,document);\n\/\/# sourceURL=https:\/\/drromanovaleria.ch\/wp-includes\/js\/wp-embed.min.js\n<\/script>","description":"\u00c9liminez les taches du visage avec des traitements laser de pointe \u00e0 Gen\u00e8ve. Retrouvez un teint uniforme et \u00e9clatant gr\u00e2ce \u00e0 des solutions efficaces et personnalis\u00e9es. Explications du dr Romano, m\u00e9decin \u00e0 Gen\u00e8ve","thumbnail_url":"https:\/\/drromanovaleria.ch\/wp-content\/uploads\/2024\/05\/belle-peau.webp","thumbnail_width":300,"thumbnail_height":361}

Traitement des taches pigmentaires par IPL à Genève - Dr Romano

Éliminez les taches du visage avec des traitements laser de pointe à Genève. Retrouvez un teint uniforme et éclatant grâce à des solutions efficaces et personnalisées. Explications du dr Romano, médecin à Genève
