{"version":"1.0","provider_name":"Dr Romano","provider_url":"https:\/\/drromanovaleria.ch\/en","author_name":"Valeria","author_url":"https:\/\/drromanovaleria.ch\/en\/blog\/author\/valeria\/","title":"Quel est l\u2019\u00e2ge id\u00e9al pour un lifting du visage ? - Gen\u00e8ve - Dr Romano","type":"rich","width":600,"height":338,"html":"<blockquote class=\"wp-embedded-content\" data-secret=\"aCiduDViAS\"><a href=\"https:\/\/drromanovaleria.ch\/en\/infographie\/age-ideal-lifting-visage\/\">Quel est l\u2019\u00e2ge id\u00e9al pour un lifting du visage ?<\/a><\/blockquote><iframe sandbox=\"allow-scripts\" security=\"restricted\" src=\"https:\/\/drromanovaleria.ch\/en\/infographie\/age-ideal-lifting-visage\/embed\/#?secret=aCiduDViAS\" width=\"600\" height=\"338\" title=\"&#8220;Quel est l\u2019\u00e2ge id\u00e9al pour un lifting du visage ?&#8221; &#8212; Dr Romano\" data-secret=\"aCiduDViAS\" frameborder=\"0\" marginwidth=\"0\" marginheight=\"0\" scrolling=\"no\" class=\"wp-embedded-content\"><\/iframe><script>\n\/*! This file is auto-generated *\/\n!function(d,l){\"use strict\";l.querySelector&&d.addEventListener&&\"undefined\"!=typeof URL&&(d.wp=d.wp||{},d.wp.receiveEmbedMessage||(d.wp.receiveEmbedMessage=function(e){var t=e.data;if((t||t.secret||t.message||t.value)&&!\/[^a-zA-Z0-9]\/.test(t.secret)){for(var s,r,n,a=l.querySelectorAll('iframe[data-secret=\"'+t.secret+'\"]'),o=l.querySelectorAll('blockquote[data-secret=\"'+t.secret+'\"]'),c=new RegExp(\"^https?:$\",\"i\"),i=0;i<o.length;i++)o[i].style.display=\"none\";for(i=0;i<a.length;i++)s=a[i],e.source===s.contentWindow&&(s.removeAttribute(\"style\"),\"height\"===t.message?(1e3<(r=parseInt(t.value,10))?r=1e3:~~r<200&&(r=200),s.height=r):\"link\"===t.message&&(r=new URL(s.getAttribute(\"src\")),n=new URL(t.value),c.test(n.protocol))&&n.host===r.host&&l.activeElement===s&&(d.top.location.href=t.value))}},d.addEventListener(\"message\",d.wp.receiveEmbedMessage,!1),l.addEventListener(\"DOMContentLoaded\",function(){for(var e,t,s=l.querySelectorAll(\"iframe.wp-embedded-content\"),r=0;r<s.length;r++)(t=(e=s[r]).getAttribute(\"data-secret\"))||(t=Math.random().toString(36).substring(2,12),e.src+=\"#?secret=\"+t,e.setAttribute(\"data-secret\",t)),e.contentWindow.postMessage({message:\"ready\",secret:t},\"*\")},!1)))}(window,document);\n\/\/# sourceURL=https:\/\/drromanovaleria.ch\/wp-includes\/js\/wp-embed.min.js\n<\/script>","description":"L\u2019\u00e2ge id\u00e9al pour un lifting du visage d\u00e9pend de l\u2019\u00e9tat de la peau, du degr\u00e9 de rel\u00e2chement et des objectifs esth\u00e9tiques. D\u00e9couvrez les crit\u00e8res pris en compte et les tranches d\u2019\u00e2ge g\u00e9n\u00e9ralement concern\u00e9es.","thumbnail_url":"https:\/\/drromanovaleria.ch\/wp-content\/uploads\/2024\/05\/hydratation-peau.webp","thumbnail_width":300,"thumbnail_height":220}

Quel est l’âge idéal pour un lifting du visage ? - Genève - Dr Romano

<blockquote class="wp-embedded-content" data-secret="aCiduDViAS"><a href="https://drromanovaleria.ch/en/infographie/age-ideal-lifting-visage/">Quel est l’âge idéal pour un lifting du visage ?</a></blockquote><iframe sandbox="allow-scripts" security="restricted" src="https://drromanovaleria.ch/en/infographie/age-ideal-lifting-visage/embed/#?secret=aCiduDViAS" width="600" height="338" title="&#8220;Quel est l’âge idéal pour un lifting du visage ?&#8221; &#8212; Dr Romano" data-secret="aCiduDViAS" frameborder="0" marginwidth="0" marginheight="0" scrolling="no" class="wp-embedded-content"></iframe><script>
/*! This file is auto-generated */
!function(d,l){"use strict";l.querySelector&&d.addEventListener&&"undefined"!=typeof URL&&(d.wp=d.wp||{},d.wp.receiveEmbedMessage||(d.wp.receiveEmbedMessage=function(e){var t=e.data;if((t||t.secret||t.message||t.value)&&!/[^a-zA-Z0-9]/.test(t.secret)){for(var s,r,n,a=l.querySelectorAll('iframe[data-secret="'+t.secret+'"]'),o=l.querySelectorAll('blockquote[data-secret="'+t.secret+'"]'),c=new RegExp("^https?:$","i"),i=0;i<o.length;i++)o[i].style.display="none";for(i=0;i<a.length;i++)s=a[i],e.source===s.contentWindow&&(s.removeAttribute("style"),"height"===t.message?(1e3<(r=parseInt(t.value,10))?r=1e3:~~r<200&&(r=200),s.height=r):"link"===t.message&&(r=new URL(s.getAttribute("src")),n=new URL(t.value),c.test(n.protocol))&&n.host===r.host&&l.activeElement===s&&(d.top.location.href=t.value))}},d.addEventListener("message",d.wp.receiveEmbedMessage,!1),l.addEventListener("DOMContentLoaded",function(){for(var e,t,s=l.querySelectorAll("iframe.wp-embedded-content"),r=0;r<s.length;r++)(t=(e=s[r]).getAttribute("data-secret"))||(t=Math.random().toString(36).substring(2,12),e.src+="#?secret="+t,e.setAttribute("data-secret",t)),e.contentWindow.postMessage({message:"ready",secret:t},"*")},!1)))}(window,document);
//# sourceURL=https://drromanovaleria.ch/wp-includes/js/wp-embed.min.js
</script>

L’âge idéal pour un lifting du visage dépend de l’état de la peau, du degré de relâchement et des objectifs esthétiques. Découvrez les critères pris en compte et les tranches d’âge généralement concernées.
